{"id":22477,"date":"2017-07-21T14:33:52","date_gmt":"2017-07-21T12:33:52","guid":{"rendered":"https:\/\/mevlanacay.com\/wp-content\/uploads\/2017\/07\/Turk-Tatlilarinin-Seylon-Cayi-ile-Muhtesem-Uyumu.jpg"},"modified":"2017-07-21T14:34:12","modified_gmt":"2017-07-21T12:34:12","slug":"turk-tatlilarinin-seylon-cayi-ile-muhtesem-uyumu-2","status":"inherit","type":"attachment","link":"https:\/\/mevlanacay.de\/tr\/turk-tatlilarinin-seylon-cayi-ile-muhtesem-uyumu-2\/","title":{"rendered":"Turk-Tatlilarinin-Seylon-Cayi-ile-Muhtesem-Uyumu"},"author":340,"featured_media":0,"comment_status":"open","ping_status":"closed","template":"","meta":{"_mi_skip_tracking":false},"class_list":["post-22477","attachment","type-attachment","status-inherit","hentry"],"description":{"rendered":"<p class=\"attachment\"><a href='https:\/\/mevlanacay.de\/wp-content\/uploads\/2017\/07\/Turk-Tatlilarinin-Seylon-Cayi-ile-Muhtesem-Uyumu.jpg'><img fetchpriority=\"high\" decoding=\"async\" width=\"300\" height=\"199\" src=\"https:\/\/mevlanacay.de\/wp-content\/uploads\/2017\/07\/Turk-Tatlilarinin-Seylon-Cayi-ile-Muhtesem-Uyumu.jpg\" class=\"attachment-medium size-medium\" alt=\"T\u00fcrk tatl\u0131lar\u0131 ve seylon \u00e7ay\u0131\" title=\"\"><\/a><\/p>\n"},"caption":{"rendered":"<p>Cup of tea with teapot and cookies on wooden background<\/p>\n"},"alt_text":"T\u00fcrk tatl\u0131lar\u0131 ve seylon \u00e7ay\u0131","media_type":"image","mime_type":"image\/jpeg","media_details":{"width":940,"height":625,"file":"2017\/07\/Turk-Tatlilarinin-Seylon-Cayi-ile-Muhtesem-Uyumu.jpg","filesize":56080,"sizes":{},"image_meta":{"aperture":"0","credit":"","camera":"","caption":"","created_timestamp":"0","copyright":"","focal_length":"0","iso":"0","shutter_speed":"0","title":"","orientation":"0","keywords":[]}},"post":null,"source_url":"https:\/\/mevlanacay.de\/wp-content\/uploads\/2017\/07\/Turk-Tatlilarinin-Seylon-Cayi-ile-Muhtesem-Uyumu.jpg","_links":{"self":[{"href":"https:\/\/mevlanacay.de\/tr\/wp-json\/wp\/v2\/media\/22477","targetHints":{"allow":["GET"]}}],"collection":[{"href":"https:\/\/mevlanacay.de\/tr\/wp-json\/wp\/v2\/media"}],"about":[{"href":"https:\/\/mevlanacay.de\/tr\/wp-json\/wp\/v2\/types\/attachment"}],"author":[{"embeddable":true,"href":"https:\/\/mevlanacay.de\/tr\/wp-json\/wp\/v2\/users\/340"}],"replies":[{"embeddable":true,"href":"https:\/\/mevlanacay.de\/tr\/wp-json\/wp\/v2\/comments?post=22477"}]}}

<p class="attachment"><a href='https://mevlanacay.de/wp-content/uploads/2017/07/Turk-Tatlilarinin-Seylon-Cayi-ile-Muhtesem-Uyumu.jpg'><img fetchpriority="high" decoding="async" width="300" height="199" src="https://mevlanacay.de/wp-content/uploads/2017/07/Turk-Tatlilarinin-Seylon-Cayi-ile-Muhtesem-Uyumu.jpg" class="attachment-medium size-medium" alt="Türk tatlıları ve seylon çayı" title=""></a></p>

Türk tatlıları ve seylon çayı
